 2094 - 27*b. Determine q(13).
-6
Suppose 4*c + 2*m = 50, 2*c - 29 = 2*m - 1. Let q(a) = -a**2 + 12*a + 8. Let w be q(c). Let z(j) = -j**3 - 5*j**2 - 3*j + 4. Calculate z(w).
19
Let w(i) = -52 + 13 + i**2 + 8*i + 53. Determine w(-7).
7
Let b(z) = -z**2 - 8*z - 9. Suppose 2*r + u - 18 = 0, 2*r + 5*u - 17 - 1 = 0. Let c = -7 + 33. Suppose -c = 5*n + r. What is b(n)?
-2
Let y = 35 - 7. Let d = y - 24. Let o(u) = -4 + 2*u - u + 8. Calculate o(d).
8
Let n(r) = 30 - r**2 + 30 - 70 + 3*r - 13*r. What is n(-8)?
6
Let a(y) = -2*y + 4. Let s(r) = 5*r**2 + 13*r + 2. Let j(w) = -2*w**2 - 6*w - 1. Let x(i) = 7*j(i) + 3*s(i). Let b be x(4). Give a(b).
-2
Let c(j) = -j**3 + 4*j**2 + 5*j + 1. Suppose -1 = -4*w - 2*m + 9, -4*w - 5*m + 13 = 0. Let y be (w/(-2))/(3/9). Let a be -5*(-4 + (0 - y)). Give c(a).
1
Let c(t) = -t**3 - 4*t**2 + t + 6. Suppose 8*s + 191 - 167 = 0. Give c(s).
-6
Let m(q) = 9*q - 17*q + q**2 - 2 + q**3 + 7*q. Let u be m(-2). Let a(w) = -2*w + 1. Let v(k) = -2*k + 1. Let g(p) = 3*a(p) - 2*v(p). What is g(u)?
9
Let x(o) = -215884 + 5*o**2 + 215885 + 3*o + 0*o. Let p be (-4)/3*6/4. What is x(p)?
15
Let c(r) = -r + 1 - r**2 + r + 0*r. Let z(i) = -i**3 - 9*i**2 - 4*i + 4. Let a(h) = 3*c(h) - z(h). Give a(-6).
-25
Let d(m) = 3*m - 2. Suppose 0 = -2*y - 2*z + 22, -3*y = -5*z - 7 - 26. Let x = y + -7. Suppose -x - 8 = -4*w. Determine d(w).
7
Let j(y) be the third derivative of -y**8/2240 - y**5/120 + 17*y**4/24 + 8*y**2. Let h(b) be the second derivative of j(b). Determine h(-1).
2
Let u = 52 + -48. Suppose x + 5*o = 2, 0*x + 3*x + 2*o - 6 = 0. Let l(b) = -5 + 3*b + x*b - 7*b + b**2. Determine l(u).
3
Let k = -310 - -316. Let r(p) = p**3 - 5*p**2 - 2*p - 12. Determine r(k).
12
Let u(i) be the third derivative of i**6/120 - i**5/15 - i**4/6 + 7*i**3/6 - 26*i**2 - 2. Suppose 5*s - 5 = 20. Calculate u(s).
12
Let w(n) = 2*n**2 + n - 2. Let o(x) = -3*x**2 + 2. Let j(f) = -4*o(f) - 5*w(f). Let h(g) = -g**2 - 1. Let d(i) = 3*h(i) + j(i). Give d(-5).
-1
Let w(f) be the third derivative of -f**4/8 + f**3/2 - 2*f**2. Suppose 0 = 4*y + 148 - 160. Determine w(y).
-6
Let j = 719/1446 - -2/723. Let g(l) be the first derivative of -j*l**2 - 9*l + 8. Give g(0).
-9
Suppose -10 = -2*y - 2*s, 0 = -s + 4*s - 9. Let k(l) be the second derivative of -5*l - 1/12*l**4 + 0 + l**2 + 0*l**3. Give k(y).
-2
Suppose 107 = 8*h - 7*h. Let g(d) = -4*d - h + 102 + 2*d. Suppose p = o + 3*o + 9, 2*p - 5*o = 15. What is g(p)?
-15
Let d(l) = l**3 + l**2 - 1. Suppose 13 = 44*b - 57*b. What is d(b)?
-1
Let v(y) = y**3 - 8*y**2 - 3*y - 3. Let m(r) = r**2 + r - 1. Let s(w) = -3*m(w) - v(w). Let d be (-10)/3*12/(-10). Suppose -d*q = -31 + 11. Determine s(q).
6
Let d(j) = -j**2 + 6*j + 6. Let l(w) = -9*w + 1 + 10*w + 0*w**2 + w**2. Let y(v) = d(v) + 2*l(v). Calculate y(-7).
1
Let n = 7 + -11. Let c be (-1 - 0)/(10/(-20)). Let p(v) = -3*v + v**c - 2*v**2 + 4 - 5 - v. Give p(n).
-1
Let f be (-5)/25 + 28/(-10). Let t(d) = -d**3 - d**2 + 3*d - 5. Let v(u) be the second derivative of -u**2/2 - 8*u. Let q(w) = t(w) - 6*v(w). Give q(f).
10
Let v(h) = h**3 - 18*h**2 + 17*h + 2. Let d = 597 - 580. Give v(d).
2
Let f(o) = o**3 + 3*o**2 - o + 1. Suppose 0 = 8*c - 25 + 57. Determine f(c).
-11
Let u(c) be the second derivative of 2 - 3*c**2 + 8*c - 1/6*c**3. What is u(-3)?
-3
Let z(m) = -m**3 + 10*m**2 - 14*m - 9. Let v be z(5). Suppose 36 = 10*w + v. Let a(y) be the second derivative of -5*y**4/6 - y**2/2 + y. Determine a(w).
-11
Let f = -13 - -9. Let j(t) = -t - 3. Let k be j(-5). Let q = k - f. Let g(v) = -v**2 + 7*v + 1. What is g(q)?
7
Let p(m) = 3*m + 2. Let l = 753 + -759. Calculate p(l).
-16
Let p(n) = 8*n - 53. Let u(x) = -x + 3. Let m(v) = -p(v) - 3*u(v). Calculate m(8).
4
Let f(z) = z**3 - 8*z**2 + 4*z + 9. Suppose -64 = -6*c - 784. Let m be (-2)/11 + (c/(-55) - -5). Calculate f(m).
-12
Let y be 24/15 - 2/(-5). Let q be (2 - y)/((-18)/6). Let s(g) be the third derivative of -g**4/24 - g**3/6 + g**2. What is s(q)?
-1
Let x = -158 + 143. Let k(n) = -n**3 - 15*n**2 - 4. Determine k(x).
-4
Let r(o) = 1. Let x(p) be the third derivative of -p**6/120 - p**5/12 - p**3 - 11*p**2. Let c(l) = 5*r(l) + x(l). Give c(-5).
-1
Let s(y) = 1. Let f(j) = 2*j + 2. Let d = 78 + -77. Let b(g) = d*f(g) - s(g). Give b(-1).
-1
Let b(v) be the first derivative of v**4/4 - v**3/3 + v**2 - 3*v + 80. Give b(0).
-3
Suppose 2*v = 3*m, 2*m + 4*v = -v + 19. Let s(w) = 11*w**2 - 3*w + 1. Determine s(m).
39
Let p be 4/(-10) + 160/25. Suppose 5*i = 3*z - 17, 2*z + 8 = 5*i + 21. Suppose -p = -2*b - z. Let n(s) = -4*s - 1. What is n(b)?
-5
Let t = 57 + -54. Let d(o) be the first derivative of -1/2*o**2 - t*o - 5. Determine d(-5).
2
Suppose 6 = 8*q - 10. Let j(p) be the third derivative of 0 + 1/2*p**3 + 1/15*p**5 + 0*p - 5*p**q - 1/6*p**4 - 1/60*p**6. What is j(2)?
-5
Let i(p) = -p**3 + p**2 + 2*p. Let c(m) = m - 1. Let h be c(5). Suppose h + 1 = 5*s. Let k = s - 3. Determine i(k).
8
Let w(t) = 37*t - 4. Let f(i) = 80*i - 9. Let z(p) = -6*f(p) + 13*w(p). Calculate z(0).
2
Suppose -5*i = 5*u + 8 - 3, 5 = 4*i - 5*u. Suppose 12 = -i*y + 4*y. Let f(s) = 4*s**2 - s**y + s - 10 - 3*s**2 + 9. Determine f(-2).
9
Suppose -12972*c - 102 = -12966*c. Let r(f) = f**3 + 15*f**2 - 32*f + 34. Give r(c).
0
Let d(t) = -14*t**2 + t - 1. Let a be d(1). Let r = 21 + a. Let s(f) = f. Let n(j) = j**2 - 2*j + 8. Let p(h) = -n(h) + 6*s(h). Determine p(r).
-1
Let y(x) = 2*x**2 + 40*x + 37. Let j(d) = -d**2 - 19*d - 18. Let u(g) = 7*j(g) + 3*y(g). Calculate u(-11).
7
Let m(d) = -4*d**3 - 3*d**2 + 5*d - 6. Let u(k) = -k**3 + k**2 + 4*k - 1. Let i(s) = m(s) - 3*u(s). Give i(-5).
7
Let y(w) = -3*w**2 - 27*w + 21. Let x(l) = l**2 + 9*l - 7. Let h(c) = 6*c**2 + c - 1. Let b be h(1). Let a(f) = b*y(f) + 17*x(f). What is a(-10)?
-3
Let u(z) be the second derivative of z**5/20 - 13*z**4/12 + 11*z**3/6 + 7*z**2 - 54*z. What is u(12)?
2
Let k(t) be the first derivative of t**7/840 - t**6/60 + 7*t**5/120 - 5*t**4/24 - 4*t**3 - 24. Let m(b) be the third derivative of k(b). Calculate m(5).
5
Let z(w) be the first derivative of w**3/3 + 4*w**2 + 4*w - 119. Give z(-3).
-11
Suppose -o = 3*o + 24. Let z = -9 + 15. Let j(n) = -2*n**2 - 5*n**2 + 6*n**2 - 6 - z*n. Calculate j(o).
-6
Let n(k) = -3*k - 3. Let m(g) = 2*g + 2. Let q(o) = 5*m(o) + 3*n(o). Let c(v) = v**3 - 3*v**2 - 4*v - 3. Let l be c(4). Let u = 6 + l. Give q(u).
4
Let x(p) = 6*p**2 - 1. Let a be x(1). Suppose -a*d = -14 + 14. Let m(b) = b**2 - b - 3. Calculate m(d).
-3
Suppose 11 = 2*r - 9. Suppose -5*z + 0*z = 5*t - r, 0 = -4*t - z + 2. Let h(c) = -5*c - 10. Let b(g) = -g. Let i(m) = -6*b(m) + h(m). Give i(t).
-10
Let m(i) = -2*i - 48 - 64 + 116. Let g be (-34)/(-6) - 6/9. Suppose g*p - 3*b = 21, 5*b + 1 = -3*p - 0*b. Calculate m(p).
-2
Let o(b) = b**3 - 12*b**2 - 15*b + 21. Let h be (-8 - -9) + 3 + 9. Determine o(h).
-5
Let r = -7 + 10. Suppose -s - r = 2*x + 5, -18 = -x + 5*s. Let m be 1/x*-1*12. Let t(f) = 3*f - 9. Determine t(m).
9
Let v be 58/2 + (5 - 1). Suppose 5*p + 2*w + w = v, -21 = -3*p - 3*w. Let g(x) = x**2 - 8*x. Calculate g(p).
-12
Let k be (-7)/(1*3 - (-8 + 12)). Let j(x) = 6*x - 13. Let m(a) = 5*a - 12. Let g(l) = k*m(l) - 6*j(l). Calculate g(-12).
6
Let h(c) = -3*c. Let t(v) = 9*v - 8. Let a be t(2). Let u be 4 + 0 + a/(40/(-12)). Determine h(u).
-3
Let y(g) = 17*g**3 - 6*g**2 + 13*g - 28. Let d(a) = -12*a**3 + 5*a**2 - 9*a + 19. Let r(t) = 7*d(t) + 5*y(t). Give r(-5).
-17
Let u(l) = -2*l**2 + 6*l. Suppose 55 = -6*i + i. Let k = i - -9. Let f be ((-1)/k)/((-12)/(-96)). Give u(f).
-8
Let v(m) = -m**2 - 2*m. Let z(i) = -5*i**2 - 3*i + 12. Let k(a) = -6*v(a) + z(a). What is k(-8)?
4
Let g(m) = -m**2 - 5*m - 1. Let k be g(-6). Let s(h) be the second derivative of 0 + 1/20*h**5 + 1/2*h**4 + 5*h**2 - 5/6*h**3 - 5*h. What is s(k)?
-4
Let y(w) be the second derivative of 1/2*w**4 - 3*w + 1/20*w**5 + 0 + 1/2*w**2 + 0*w**3. Calculate y(-6).
1
Let h(w) = -w**3 + 3*w**2 + 2*w + 2. Let u(d) = -d**3 + 5*d**2 - 3*d + 5. Let m be u(5). Let f = -4 + 17. Let n = f + m. Give h(n).
8
Let d = 6 + -4. Let v be 374/88 - 3/(-4). Suppose v*x - 2*k = 17, 2*x - d*k - 8 = -0. Let j(l) = -3*l + 3. Give j(x).
-6
Let q(d) = -d**2 - 12*d - 6. Let o(t) = t**2 + 50*t + 512. Let v be o(-15). Determine q(v).
-19
Let d be -